, what is 340540 - 3?
340534
In base 6, what is -500134 - 4?
-500142
In base 5, what is -1 - 222221?
-222222
In base 4, what is 233333 + -2213?
231120
In base 8, what is 20701 - -12?
20713
In base 16, what is -15bbb + -2?
-15bbd
In base 14, what is -1c1 - -17?
-1a8
In base 13, what is 3821 + -45?
37a9
In base 13, what is -2 + 4305?
4303
In base 2, what is -10101111111001 - -101010?
-10101111001111
In base 5, what is -104040 + -120?
-104210
In base 4, what is -1021 + 110322122?
110321101
In base 14, what is -dba7 + -1?
-dba8
In base 8, what is 5730260 + -5?
5730253
In base 16, what is -a63 - -9?
-a5a
In base 12, what is 172368 + -1?
172367
In base 8, what is 3 - 15031?
-15026
In base 8, what is -34 - 53623?
-53657
In base 4, what is 31031001 - 2?
31030333
In base 6, what is 2403351 - 1?
2403350
In base 3, what is -2010112212 - -1?
-2010112211
In base 9, what is 10 - 6218?
-6208
In base 4, what is -31103 - -133?
-30310
In base 7, what is 40 - 31520?
-31450
In base 16, what is 0 + 6d26?
6d26
In base 13, what is 2 - -475?
477
In base 13, what is 30 - -477?
4a7
In base 12, what is 25261 + 0?
25261
In base 9, what is 16 - 32403?
-32376
In base 12, what is 823 + a?
831
In base 2, what is -10111111101001 + 10101?
-10111111010100
In base 14, what is -2c829 + -d?
-2c838
In base 16, what is -14 + 5b14?
5b00
In base 2, what is 1000101011 - -11110011010?
100111000101
In base 9, what is -504 + 406?
-87
In base 12, what is 4b7363 + 0?
4b7363
In base 14, what is b + -c25?
-c18
In base 13, what is b26 - 75?
a81
In base 15, what is -743 - -12?
-731
In base 3, what is 12 - 210120210?
-210120121
In base 3, what is 121210212011 - 10?
121210212001
In base 6, what is 5 - 244440?
-244431
In base 3, what is 10 - -1100200102?
1100200112
In base 7, what is -301500 + 3?
-301464
In base 10, what is 533 + -970?
-437
In base 13, what is -2 + 18225?
18223
In base 13, what is -11ac + -bb?
-129a
In base 11, what is -107500 - 2?
-107502
In base 8, what is 4074441 + -3?
4074436
In base 15, what is b74 - -192?
d16
In base 3, what is 0 + 22200202222?
22200202222
In base 3, what is 200201 - 201201?
-1000
In base 11, what is 581a + -15?
5805
In base 5, what is 10 + -21232?
-21222
In base 9, what is 11 + 26588?
26610
In base 8, what is 7 - -110076?
110105
In base 14, what is 0 + cc10?
cc10
In base 6, what is -3 - -14242?
14235
In base 4, what is -212232 + -123312?
-1002210
In base 16, what is -13 - 1365?
-1378
In base 12, what is 17a75 + 1?
17a76
In base 9, what is -232 - 1068?
-1311
In base 10, what is -560 + -9?
-569
In base 11, what is 65718 - 2?
65716
In base 7, what is 1362 - 1113?
246
In base 7, what is 22 - 4106?
-4054
In base 13, what is -bc + 129b6?
128c7
In base 4, what is -1021 - 30013?
-31100
In base 4, what is -22230 - 111?
-23001
In base 8, what is -41 + 17?
-22
In base 14, what is -18c - -4?
-188
In base 3, what is 12212000021222 - -2?
12212000022001
In base 7, what is -11036 + 2?
-11034
In base 8, what is 1025030 - 2?
1025026
In base 10, what is -9479 + -2?
-9481
In base 11, what is -5 - -14620?
14616
In base 4, what is 300 + -202312?
-202012
In base 12, what is 8 + -1b776?
-1b76a
In base 5, what is -1110222 + -12?
-1110234
In base 5, what is 10113 + 312?
10430
In base 13, what is -68 - 317?
-382
In base 7, what is 3 + 612551?
612554
In base 6, what is 5 + -13244?
-13235
In base 13, what is -15b - -2cb?
170
In base 7, what is 4 - -4364645?
4364652
In base 11, what is 180 + -6a8?
-528
In base 8, what is 166316 - 4?
166312
In base 15, what is -6c0d - -14?
-6be9
In base 9, what is 310761 - 3?
310757
In base 2, what is 110100011 + -1101101?
100110110
In base 16, what is 7 + 1af?
1b6
In base 16, what is 5 + 1a9a?
1a9f
In base 9, what is -11407 + 8?
-11388
In base 14, what is 52a3 - 3?
52a0
In base 11, what is 13145 - 14?
13131
In base 6, what is -241521541 - -2?
-241521535
In base 9, what is -4 + 42385?
42381
In base 6, what is 14002 - 41?
13521
In base 11, what is 79a90 + 5?
79a95
In base 4, what is 12111111302 - 10?
12111111232
In base 3, what is -200022122122 - -2?
-200022122120
In base 6, what is -21231 - 44?
-21315
In base 16, what is dff3 + 10?
e003
In base 10, what is -5 + 23023?
23018
In base 8, what is -2 - -4036?
4034
In base 3, what is -120 + -11221212?
-11222102
In base 16, what is -6369 - 6?
-636f
In base 10, what is 5365 + 2?
5367
In base 9, what is 1487 - 18?
1468
In base 13, what is -6657 + 48?
-660c
In base 8, what is -371213 + -3?
-371216
In base 15, what is 316 + -b?
30a
In base 16, what is -49b + cd?
-3ce
In base 7, what is -2605 + -22144?
-25052
In base 10, what is 3 + 249830?
249833
In base 12, what is -2154 + 1?
-2153
In base 6, what is -134500 - -5?
-134451
In base 16, what is 35 - 75?
-40
In base 16, what is 4 - -315a?
315e
In base 3, what is -11122 + -101111220?
-101200112
In base 7, what is 132125 - -5?
132133
In base 8, what is 3346 - 1247?
2077
In base 4, what is 120203 - -31?
120300
In base 3, what is 2 + -202022020?
-202022011
In base 6, what is 115 - 1025535?
-1025420
In base 3, what is -11120 - -121022?
102202
In base 12, what is 138 - -34a?
486
In base 7, what is -1402 - -2615?
1213
In base 16, what is -5dc0a - -2?
-5dc08
In base 3, what is -11 + -120111221?
-120112002
In base 7, what is -4133533 + -2?
-4133535
In base 5, what is 0 + -1030104?
-1030104
In base 4, what is 120 - -2232303?
2233023
In base 2, what is 10001100 + 1100010?
11101110
In base 6, what is 1 + 11520411?
11520412
In base 16, what is 3 - 1656d?
-1656a
In base 14, what is 1 + 88a9?
88aa
In base 16, what is -6b - 172?
-1dd
In base 11, what is 9a + -3?
97
In base 11, what is 1a87 - 172?
1915
In base 6, what is 55 - -144214?
144313
In base 14, what is 2cd7a - -53?
2cdcd
In base 12, what is 14b4b9 + -3?
14b4b6
In base 13, what is a2c + -2?
a2a
In base 3, what is 102111212 - -122?
102112111
In base 4, what is 13112012 + 120?
13112132
In base 9, what is -338 + 627?
278
In base 8, what is 24246 + 6?
24254
In base 7, what is 1 - -131610?
131611
In base 3, what is 1 - 210201021?
-210201020
In base 2, what is 111001001 + -111111?
110001010
In base 10, what is 24889 - 1?
24888
In base 6, what is -35 + -15054?
-15133
In base 10, what is 78 + 1988?
2066
In base 14, what is -4 - -9ba1?
9b9b
In base 11, what is 5a - -438a?
4439
In base 14, what is 3d39b + -3?
3d398
In base 6, what is -334343 + -2?
-334345
In base 9, what is -5 - 2604547?
-2604553
In base 8, what is -37 + -13556?
-13615
In base 11, what is -406 + -130?
-536
In base 15, what is -5a6 + 411?
-195
In base 2, what is -100101011 - 1010101100?
-1111010111
In base 4, what is -120210 + -30112?
-210322
In base 10, what is -1 - -66211?
66210
In base 15, what is -3 - 9daa?
-9dad
In base 2, what is 100111111 - -101011100?
1010011011
In base 10, what is -3529 + -18?
-3547
In base 5, what is 312422 - -2?
312424
In base 15, what is -1 + 7a2?
7a1
In base 2, what is 101100 + 111111011011111?
111111100001011
In base 14, what is 1 + -37ac0?
-37abd
In base 13, what is -6a57 + -5?
-6a5c
In base 11, what is -1a810 + -53?
-1a863
In base 2, what is 1011110 - 1011111?
-1
In base 8, what is -2 - 41256?
-41260
In base 2, what is -111011 + 1011100110101?
1011011111010
In base 14, what is -10080 - -12?
-1006c
In base 16, what is -22 + 1a4?
182
In base 14, what is 20 + 592?
5b2
In base 15, what is 1270d1 - -5?
1270d6
In base 5, what is 34002 + 220?
34222
In base 12, what is 8 - -2ba68?
2ba74
In base 14, what is 17 + 39a3?
39ba
In base 3, what is -12101021 + -1120111?
-20221202
In base 2, what is 10111 - 1101?
1010
In base 14, what is 5 - 12a7b?
-12a76
In base 6, what is -5 - 121541?
-121550
In base 12, what is 2a346 + -6?
2a340
In base 8, what is -1 - -2330352?
2330351
In base 14, what is -2c8 - -32?
-296
In base 11, what is 1 - 31a887?
-31a886
In base 8, what is -21523 - 10?
-21533
In base 11, what is 0 + -8456?
-8456
In base 14, what is 2c482a - -1?
2c482b
In base 16, what is -4f363 + 2?
-4f361
In base 16, what is 9f07a - -2?
9f07c
In base 3, what is 1102121222 - -1?
1102122000
In base 10, what is 616 - -3?
619
In base 16, what is -1 - -b722?
b721
In base 6, what is 53153 + -130?
53023
In base 7, what is -1011 - 14?
-1025
In base 10, what is -4 - -47898?
47894
In base 15, what is 0 + -3562b?
-3562b
In base 13, what is 5 + 7a14?
7a19
In base 9, 